be h(-17). List the prime factors of (-10)/((-60)/(-54))*k.
3, 7
List the prime factors of 80/24 + (-287760)/(-18).
2, 3, 5, 13, 41
Suppose -40*b + 105826 = -357414. What are the prime factors of b?
37, 313
Suppose -434*t + 156 = -430*t. List the prime factors of 14*13/(t/360).
2, 3, 5, 7
Let s = 257 - 150. Let m = -292 + s. Let a = m - -262. What are the prime factors of a?
7, 11
Let k = -4051 - -8146. Suppose 0 = 2*v, k = 5*m + 4*v - 9*v. List the prime factors of m.
3, 7, 13
Let f(d) = -d**3 + 186 + 2*d**3 + 41*d + 181 - 366 - 13*d**2. List the prime factors of f(13).
2, 3, 89
Let x(p) be the second derivative of -p**5/24 + 5*p**4/24 + 35*p**3/6 - 14*p. Let n(u) be the second derivative of x(u). What are the prime factors of n(-11)?
2, 3, 5
Let d(m) = -223*m + 2604. What are the prime factors of d(-13)?
5503
Suppose 2*d - 6 = -d. Suppose 3*c - 3*j + 227 = -4*j, -140 = d*c - 5*j. What are the prime factors of ((-14)/3)/(10/c)?
5, 7
Let g = 77 + -114. Let i be ((-1710)/(-27))/(2 - (-8)/(-3)). Let p = g - i. List the prime factors of p.
2, 29
List the prime factors of (2078628/112 - (-6)/(-14)) + 9/(-12).
2, 3, 1031
List the prime factors of 71684*10/16*(168/(-60) + 4).
3, 17921
Suppose 2*s - 5 = -5*o, 0*s + 4*s = 2*o - 26. Let h be -5 + 24/9 + (-2)/o. What are the prime factors of (954/(-15))/h*1*5?
2, 53
Let w(a) = 904*a + 16. What are the prime factors of w(2)?
2, 3, 19
List the prime factors of 18840/1 + -29 + (-23 - -44).
2, 11, 107
Let p(u) be the second derivative of u**5/2 + u**4/12 + 3*u**3/2 - 11*u**2 + 90*u. What are the prime factors of p(5)?
2, 11, 59
Suppose -o - 19 = -7*w + 4*w, -5*w - 36 = 8*o. Let j = 69 + -37. Suppose 4*q - 3*q + 81 = w*d, 5*q = -3*d + j. List the prime factors of d.
19
Let k be 7 - (10 - 11/((-11)/(-3))). Let r be (-1371)/(-2) + 1/(-2). Suppose -6*i + i + r = k. What are the prime factors of i?
137
Suppose -c + 3 + 6 = -m, 0 = 2*c - 4*m - 26. Suppose c*q + 209 = 2239. What are the prime factors of q?
2, 7, 29
Suppose 2*u - 81*i - 8112 = -82*i, -20277 = -5*u - 3*i. List the prime factors of u.
3, 11, 41
Let c(o) = o**2 + 30*o + 147. Let p be c(-24). Suppose p*x = 2*x + 4*z + 197, 4*z = -5*x + 1009. What are the prime factors of x?
3, 67
What are the prime factors of (-678100)/(-80) + -4 + 189/28?
61, 139
Suppose -4*o + 43829 = -z - 108411, -3*o + 114165 = 3*z. List the prime factors of o.
7, 5437
Suppose h - 20*o + 17*o = 66057, 5*h - 330261 = 11*o. List the prime factors of h.
3, 22013
Let g be (6 + -3)*(-8)/(-3). Let x(w) be the third derivative of w**5/60 + 7*w**4/24 - 2*w**3 - 13*w**2. What are the prime factors of x(g)?
2, 3
Let s(o) = -3*o**3 - 5*o**2 + o. Let a be s(2). Let g = 45 + a. List the prime factors of (-124)/g*9/6*-1.
2, 31
What are the prime factors of (((-49)/(-4))/1)/(-19 + 452383/23808)?
2, 3, 7
Let v(h) = 75*h + 50. Let d(m) = -m**3 - 25*m**2 + 2*m + 58. Let n be d(-25). List the prime factors of v(n).
2, 5, 13
Let c be 71/1*1 - -3. Let t = 72 - c. What are the prime factors of (-57)/t + (-7)/((-98)/21)?
2, 3, 5
Let a(o) = 3*o**2 - 24*o - 10. Suppose -8 = t - 5*t. Let u(g) = 10*g**2 - 72*g - 29. Let y(l) = t*u(l) - 7*a(l). List the prime factors of y(23).
5, 7
Suppose -d - 4755 = -5*k, -2*k = -3*d - 2593 + 704. List the prime factors of k.
2, 7, 17
Let a(t) = -t**3 + 6*t**2 + 4*t + 23. Let z be a(7). Let f = 13 - z. List the prime factors of f/(22/222) - 4/(-2).
113
Let g = 114342 - 51902. What are the prime factors of g?
2, 5, 7, 223
Suppose 38*n = 83*n - 305910. What are the prime factors of n?
2, 3, 11, 103
Let d(m) = m**2 - 19*m + 6. Let w be d(21). What are the prime factors of w/(-5)*(-2 + 248/(-6))?
2, 13
Let b(z) = z**2 - z + 3. Let r be b(0). Let j = -110 + 198. Suppose -j = -r*n + 11. What are the prime factors of n?
3, 11
Suppose 5*f - 34 = z - 19, -f = 5*z - 29. Suppose -5*v - 1639 - 1382 = -f*h, -5*v = 5. List the prime factors of h.
2, 13, 29
Let t be -5 - (-648)/63 - 4/14. Let z(d) = 4*d**2 + 8*d - 20. Let q(h) = h**2 + 3*h - 7. Let i(r) = -16*q(r) + 5*z(r). What are the prime factors of i(t)?
2, 3
Let w = 4753 - 1971. Suppose 25*q - 29107 = -w. What are the prime factors of q?
3, 13
Suppose -32 - 8 = -5*y. Suppose -3*p - 2 = -y. Let c(n) = 28*n**2 + n + 2. List the prime factors of c(p).
2, 29
Let w = 72 - 75. What are the prime factors of 115*((0 - -6) + w)?
3, 5, 23
Let c be (3 - 108/16)/((-4)/1248). Suppose 31*k - 26*k = c. Let i = 343 - k. What are the prime factors of i?
109
Let o(z) = -2884*z + 9681. What are the prime factors of o(-15)?
3, 7, 2521
Let c be 2/(4/11)*4662/(-259). Suppose -6*m = -4*m + 418. Let t = c - m. List the prime factors of t.
2, 5, 11
Suppose 5 = -k, 3*x + k = 3*k + 1. Let b be (-12)/(-3) + 12*(-4)/x. What are the prime factors of (-345)/6*(-8)/b?
23
What are the prime factors of (-8)/2 + (10 - 2) + (-90476)/(-4)?
3, 7541
What are the prime factors of (-14 - (-65)/5)*-7 + (-68500)/(-1)?
68507
Let l = 894 - 459. Suppose -162 = -61*w + 55*w. Suppose 32*h - w*h = l. What are the prime factors of h?
3, 29
Let r(w) = 3101*w - 1. Let k be r(2). Let o be -1 + 3/2 - k/(-78). Suppose -o = -3*n - n. What are the prime factors of n?
2, 5
Suppose 4*i - 25 - 327 = 0. Let s(u) = -u - 8. Let l be s(-11). Suppose -q + 3*d = -73, l*q - 2*d + i = 328. List the prime factors of q.
2, 41
What are the prime factors of (1396384/(-132))/(18/(-27))?
2, 3967
Suppose -25*l + 93753 = 303. List the prime factors of l.
2, 3, 7, 89
Suppose 4*c = 5*d - 160380, -4*d + 32092 = -3*d - 4*c. What are the prime factors of d?
2, 19, 211
Let s(v) = -3*v - v**3 + v**3 + 8*v**2 + 2 + v**3. Suppose 0 = 92*a - 105*a - 91. List the prime factors of s(a).
2, 3
Let v be ((-32)/40)/((-3)/(-1605)). List the prime factors of ((-4)/(-10) + v/(-80))*48.
2, 3, 23
Let c(h) be the third derivative of -h**6/120 + 11*h**5/60 + 11*h**4/24 + 4*h**3/3 - 15*h**2. Let b be c(12). What are the prime factors of (321/(-6))/(b/8)?
107
Suppose z = l - 6505, 3*z - 4780 = -3*l + 14759. What are the prime factors of l?
23, 283
Let z(a) = 63*a - 8. Suppose -3*c - 310 = 2*c. Let s be (-4)/(-22) - c/22. List the prime factors of z(s).
181
Suppose 4*p - 32 = -2*t - 2*t, 3*t - 28 = -4*p. Suppose -t*h + 1169 = 457. What are the prime factors of h?
2, 89
List the prime factors of (-92588)/(-10) - -13*144/(-1040).
9257
Suppose -3*m = -5*a + 17513, 17514 = 2*a + 3*a - 4*m. List the prime factors of a.
2, 17, 103
Let d(q) = 25*q - 478. Let o(t) = -23*t + 478. Let u(h) = -4*d(h) - 3*o(h). List the prime factors of u(0).
2, 239
List the prime factors of (-851)/(-74)*(5 - -2349).
11, 23, 107
Suppose 3*c = -3*a - 12, 3*a - 16 = -c + 7*a. Let w = 1245 - 1240. Suppose 4*l + 209 = 3*y - 0*l, c = y + w*l - 38. What are the prime factors of y?
3, 7
Suppose -g = -3*c - 19, 2*g + 8 = -2*g. Let h(u) = u**2 + 10*u + 28. Let m be h(c). Let n(s) = s + 10. What are the prime factors of n(m)?
17
Suppose -4*v = -2*n + 7 + 9, 0 = n + 4*v - 14. Let k(b) = 5*b**2 - 14*b + 8. What are the prime factors of k(n)?
2, 23
Suppose 3*d = -8*d - 110. Let z(i) = i**3 + 11*i**2 + 10*i + 29. List the prime factors of z(d).
29
Suppose -34*r + 202712 = -588740. List the prime factors of r.
2, 103, 113
Suppose 3*y = -3*x + 171, 0 = -0*y + 2*y + 5*x - 114. Suppose 58*v - 486 = y*v. What are the prime factors of v?
2, 3
Let h(k) = 3*k**2 + 40*k - 293. List the prime factors of h(33).
2, 19, 113
Let n(o) = 28*o + 167. Let i be n(-8). List the prime factors of (-2 + i/(-9))*(141 - -15).
2, 13
Let y be 2 - 1 - (-14 + -11). Let v = y - 6. List the prime factors of -2*(-25)/v*22.
5, 11
Let g be 6/((7/14)/((-1)/3)). What are the prime factors of (-1*3)/(g/100)?
3, 5
Let l = 513 - 511. Let k(j) = 192*j**2 + 13*j - 18. List the prime factors of k(l).
2, 97
Suppose 2*u + 35 = u. Let b = -31 - u. Suppose -b*l + 163 = -201. What are the prime factors of l?
7, 13
Let r(h) = h**3 + 6*h**2 + h + 10. Let l = -122 - -117. List the prime factors of r(l).
2, 3, 5
Suppose 0 = -3*m - 2*u - 5, 7*u = 4*m + 2*u + 22. Let c(w) = -2*w + 3 + 86*w**3 - 2*w**2 + 0*w**2 - 162*w**3 + 74*w**3. What are the prime factors of c(m)?
3, 5
Suppose 2*r - 4*c - 5448 = 0, 0 = 5*r - 5*c - 10676 - 2944. What are the prime factors of r?
2, 3, 227
Let t(u) = -447*u**3 - u**2 + 3*u + 3. Suppose -3